 (l/8)/(3/(-516)) a multiple of 12?
False
Let k(q) = -q**3 - 9*q**2 - 6*q - 16. Let j(g) = 5*g + 25. Let v be j(-7). Does 9 divide k(v)?
True
Let i(m) = m**2. Let o be i(3). Suppose 5*s - 17 - 4 = -3*l, 4*l = 5*s - 42. Let q = o + s. Is 5 a factor of q?
True
Let l(h) = -10*h + 114. Does 14 divide l(-17)?
False
Let d = 1785 + -854. Does 49 divide d?
True
Let d(l) be the first derivative of l**4/4 - 4*l**3/3 - 3*l**2/2 - 6*l + 41. Let g = 18 + -13. Is 3 a factor of d(g)?
False
Let t = -44 - -40. Let v = 65 + t. Is v a multiple of 17?
False
Let z(g) = -g**3 - 3*g**2 - 5*g + 10. Suppose 5*m + 20 = 0, -2*b + 1 - 3 = -2*m. Is z(b) a multiple of 36?
False
Suppose 5*l + c = -0*l, 22 = 2*l - 4*c. Let m be l/(-2) - 6/(-4). Is 17 a factor of (m - -35) + 0/(-8)?
False
Is (-3)/(-6)*31*(70 - -36) a multiple of 31?
True
Let a(j) = -36*j + 177. Does 13 divide a(-7)?
True
Let n(m) = -m - 2. Suppose s + 1 = 7. Let f be n(s). Is 16/f + 106/2 a multiple of 14?
False
Let d = 135 + 28. Suppose 3*s = -15, s - d = -4*u + 2*u. Is 21 a factor of (0 + -1)*u/(-2)?
True
Let d(n) = 3*n + 3. Let a be d(-4). Let r(l) be the first derivative of -l**4/4 - 3*l**3 - l**2/2 - l - 64. Does 2 divide r(a)?
True
Suppose 24*a + 5*v = 19*a + 840, 3*a - v - 516 = 0. Is a a multiple of 9?
True
Let a(y) = 2*y + 22. Let j(n) = n**3 - 7*n**2 + 8*n + 1. Let x be j(5). Let m be a(x). Suppose m*b - 5 = 3. Is 2 a factor of b?
True
Let n(l) = -l**3 - 9*l**2 + 7*l - 22. Let k be n(-10). Does 2 divide ((-17)/3)/(k/(-24))?
False
Let z be (-1)/(1*4/36). Is 2/(-18) - 91/z even?
True
Suppose -7*a - 30*a = -14800. Is a a multiple of 8?
True
Suppose 4*g = j + 165, -3*j + 57 = 2*g - 8. Is 10 a factor of g?
True
Let l(b) = -21*b**2 - 4*b + 2. Let p be l(-4). Let r = 460 + p. Does 7 divide r?
False
Let w(y) = y**3 - 23*y**2 + 28*y - 120. Is w(22) even?
True
Let m = 168 - 71. Suppose 8*b + m = 937. Does 35 divide b?
True
Let s = 1 - 1. Suppose -4*i - 2*g + 2 = s, -3*i - 3*g = -i + 5. Suppose -2*d = i*d - 4*w - 44, 2*w + 2 = 0. Is 5 a factor of d?
True
Does 48 divide (-3252)/(-30)*(-25)/(-2)?
False
Let q be 11/(-22)*(10 - 2) - 72. Suppose 3 = -r + u, -5*u + 2 + 7 = -2*r. Is q*r/(-24)*-3 a multiple of 16?
False
Suppose 3*h - 390 = 4*l, 4*h + 4*l - 548 = -0*l. Is h a multiple of 67?
True
Let y = -22 + -18. Let z = y - -95. Does 11 divide z?
True
Suppose 4*o - 4*s - 12 = 0, 5*o + 0*s - 19 = s. Suppose 2*r - 2*t = -t + 122, o*t - 8 = 0. Is 18 a factor of r?
False
Is 189 - ((-115)/20 - 6/(-8)) a multiple of 4?
False
Let y = -2 - -1. Let z(w) = -4*w**3 - 3*w**2 - 5*w - 3. Is z(y) even?
False
Suppose -15*p + 5 = -1090. Is 12 a factor of p?
False
Let u(g) = 2*g - 5. Let d be u(5). Suppose 324*q = 330*q. Suppose d*b + q*v - 42 = 2*v, 0 = -v + 4. Is b a multiple of 8?
False
Let k(s) = -23*s + 59. Is k(-7) a multiple of 22?
True
Suppose -1276 + 111 = -5*h. Suppose 2*k + 3*k = -4*a + h, -3*a + 180 = 2*k. Does 13 divide a?
False
Does 14 divide 1/4 + 1 + (-4257)/(-12)?
False
Let n be -2 + 2/2 + 1. Suppose -b + 0*b = n. Suppose b*a + 3*a = 156. Is 13 a factor of a?
True
Let t(w) = -w**3 - 2*w**2 - 2*w. Suppose 2*s - 3*k + 2 = -6, -3*k = -s - 4. Is 5 a factor of t(s)?
True
Let f = 29 + -27. Suppose -f = k - 2*k. Suppose m + 292 = 2*g, m + 588 = 2*g + k*g. Is 38 a factor of g?
False
Let m(k) = 5*k**2 + 4*k - 9. Suppose 2 - 26 = -8*q. Is m(q) a multiple of 6?
True
Suppose -o + 26 = f, 26 + 38 = 4*f - 4*o. Let w = f + 105. Does 9 divide w?
True
Suppose -4*u = -4*s - 9884, u + 357 = 5*s + 2848. Does 82 divide u?
False
Is 2 + 454 - (-11 - -5) a multiple of 33?
True
Suppose -5*f - r + 497 = 0, 169 + 320 = 5*f - 3*r. Is f a multiple of 8?
False
Let l be 18/12*32/(-6). Let h = -3 - l. Suppose h*p - 186 = -2*y - 54, -3*p = 3*y - 72. Is 12 a factor of p?
False
Suppose 0 = -3*q - 2*o - 32, 5*o + 1 = -4. Let k = q + 16. Is ((-21)/2)/(k/(-8)) a multiple of 14?
True
Suppose -8*a + 6*a + 24 = 0. Let o(k) = k**3 - 11*k**2 - 11*k - 4. Let n be o(a). Suppose 13*h - 450 = n*h. Is 10 a factor of h?
True
Let g(i) = -i**2 - 9*i - 5. Let j be g(-8). Is ((-26)/6)/((-7)/126*j) a multiple of 5?
False
Suppose -599*j = -591*j - 6336. Is 21 a factor of j?
False
Suppose 11 = d - 9. Let t = -90 - d. Is 14 a factor of t/(-4)*(0 + 2)?
False
Does 21 divide (-12 + -134)*(-21)/2?
True
Suppose -36 = -8*t + 252. Is 36 a factor of t?
True
Let j(r) = -33*r**3 - 3*r**2 - 2*r. Let m be j(-1). Let p = m - 29. Does 3 divide p?
True
Suppose 7*o + 2*k - 1233 = 4*o, 3*o - 1233 = -k. Is 5 a factor of o?
False
Let c be 21 - 1 - (8 - 9). Suppose -9 + c = 3*z. Suppose 3*x + 2*u = 8, z*x - 3*x + 19 = -5*u. Is 4 a factor of x?
False
Let a(q) = 2*q**3 + 20*q**2 - 10*q + 1. Is 12 a factor of a(-10)?
False
Let h(m) = 3*m**2 - 5*m - 7. Let r be h(6). Let d(v) = 36*v + 4. Let b be d(3). Let q = b - r. Is 18 a factor of q?
False
Does 37 divide 300 - (14/4 - 1/(-2))?
True
Let g(m) = m**2 - 4*m + 2. Let p be g(1). Is 29 a factor of (-1)/1 + (-3 - p)*-73?
True
Suppose -4852 = -14*g + 20348. Is 60 a factor of g?
True
Suppose 5*f + 640 = 13*f. Suppose -r = r. Suppose r*h = -h + f. Is h a multiple of 15?
False
Let l be (-26)/(-14) - 7/(-49). Suppose 2*t = -4*g + 532, l*t + g = -2*g + 528. Is 39 a factor of t?
False
Let j(u) = u**3 + 7*u**2 - 9*u. Suppose -f - 32 = 3*f. Let q be j(f). Is 22 a factor of 518/q - 2/(-8)?
False
Let a(q) = -q**3. Let v(b) = -6*b**3 + 4*b**2 + b + 11. Let j(n) = -5*a(n) + v(n). Does 2 divide j(4)?
False
Suppose 2*z + 2*z - 788 = 0. Let p = z + -89. Suppose p = q + 2*q. Is 12 a factor of q?
True
Suppose -8 = -3*w - w, 2*w + 10556 = 4*f. Is 22 a factor of f?
True
Suppose -5*f + 10 = -10*f, -4*f + 10347 = 5*k. Does 13 divide k?
False
Let p = 26 + -23. Let q(o) = 7*o - 12. Is q(p) a multiple of 3?
True
Let n = -472 + 642. Does 19 divide n?
False
Let a(r) = -r**2 + 5*r + 15. Let t be a(6). Suppose 11*m - t*m = 120. Is m a multiple of 8?
False
Let p(y) = 8*y**2 + 10*y. Let x be p(-7). Suppose 0 = 2*v + 2*i - 258, -x = 5*v + 3*i - 965. Is v a multiple of 16?
True
Let o be (10 - 9)*(-1 + (-1)/(-1)). Suppose -j - 3*j + 148 = o. Is j a multiple of 13?
False
Let d be 21*(-3 + 5 - -2). Let f = d - 76. Is 2 a factor of f?
True
Suppose 14*s - 9110 = -2740. Does 5 divide s?
True
Suppose 0 = 7*n + 273 + 42. Let z = 17 - n. Is z a multiple of 10?
False
Let x = 514 + 258. Is 2 a factor of x?
True
Suppose 2*g - 4 = 0, -2*o - 6 = g - 16. Let q be ((-2)/4)/(o/216). Let l = q + 54. Is l a multiple of 13?
False
Let o be (-2)/(-9) - 208/(-36). Suppose 3*h = -4*x + 135, 5*x - 170 = h - o*h. Is 16 a factor of x?
False
Let c(k) = k**3 + 2*k**2 + 2*k. Let b be c(-2). Let j be (11/b)/((-3)/12). Let w = j - -35. Does 23 divide w?
True
Let u(a) = -a**3 + 8*a**2 + 2*a. Let c be u(8). Suppose -12 = -d - 8. Suppose d*i - c = 60. Is i a multiple of 12?
False
Let s = 1025 - 695. Is 33 a factor of s?
True
Suppose 0 = c - 3*f - 767, 16*f + 1544 = 2*c + 20*f. Does 10 divide c?
True
Let i = -15 - -15. Suppose 3*z - 378 + 18 = i. Suppose -6*m - z = -10*m. Is m a multiple of 15?
True
Suppose -5*f - 5*t = -5940, -5*f + 3*t + 1954 = -3978. Does 23 divide f?
False
Suppose -32 = -4*u + 5*g, -2*u - 3*g - 4 = 2. Is 13 a factor of ((-38)/(-4) - u)*140/5?
True
Suppose 0 = 11*q - 20*q + 36. Suppose 2*z = -q*v + 292, -4*v + 389 = 4*z + 93. Does 36 divide v?
True
Let z be (-3)/(-3) - 3/(-1). Suppose 183 - 45 = 2*d. Suppose d = -w + z*w. Does 23 divide w?
True
Let l(q) = 29*q - 44. Let b be l(10). Suppose 4*j + 6 = b. Is 12 a factor of j?
True
Suppose 3*z + 0*z = 105. Suppose 0 = -14*k + 15*k - z. Does 30 divide k?
False
Let t = 57 - 55. Is (t*-1)/((-18)/369) a multiple of 8?
False
Is 19440/35 + (-30)/70 a multiple of 14?
False
Suppose 2*a + 4*u = -4, -83*a + 86*a - 18 = 2*u. Suppose -4*v = 5*j - 961, -362 = -2*j - 0*j + 4*v. Suppose m + j = a*m. Is m a multiple of 16?
False
Let s(c) = c - 11. Suppose 0*d + 26 = 2*d. Let f be s(d). Suppose -x = -f*x + 9. Does 3 divide x?
True
Is 25 a factor of (300/(-48))/(70/72 + -1)?
True
Let i = -687 - -1157. Is 59 a factor of i?
False
Let h = -88 + 261. Is h a multiple of 33?
False
Let l(h) = 35*h**2 + 240*h + 4. Is l(-10) a multiple of 20?
False
Let v(y) = y**3 - 8*y**2 - y + 18. Let i be v(9). Let g = 117 - i. Does 3 divide g?
True
Let q be 6/(-5) - (-20)/(-25). Does 18